{"id":1712,"date":"2021-11-07T20:51:20","date_gmt":"2021-11-07T20:51:20","guid":{"rendered":"https:\/\/maxsi.de\/?page_id=1712"},"modified":"2023-06-01T08:52:48","modified_gmt":"2023-06-01T08:52:48","slug":"golf-7","status":"publish","type":"page","link":"https:\/\/maxsi.de\/?page_id=1712","title":{"rendered":"VW Golf 7"},"content":{"rendered":"<div id=\"pl-1712\"  class=\"panel-layout\" ><div id=\"pg-1712-0\"  class=\"panel-grid panel-has-style\" ><div style=\"padding: 1px 0; color: #000000;\" data-container=\"container-fluid\" data-hascolor=\"hascolor\" class=\"panel-row-style panel-row-style-for-1712-0\" ><div id=\"pgc-1712-0-0\"  class=\"panel-grid-cell\" ><div id=\"panel-1712-0-0-0\" class=\"so-panel widget widget_media_image panel-first-child\" data-index=\"0\" ><div class=\"justify-left panel-widget-style panel-widget-style-for-1712-0-0-0\" style=\"text-align: left;\" data-title-color=\"#443f3f\" ><img loading=\"lazy\" decoding=\"async\" width=\"2448\" height=\"1176\" src=\"https:\/\/maxsi.de\/wp-content\/uploads\/2022\/01\/IMG_5246.jpg\" class=\"image wp-image-2374  attachment-full size-full\" alt=\"\" style=\"max-width: 100%; height: auto;\" srcset=\"https:\/\/maxsi.de\/wp-content\/uploads\/2022\/01\/IMG_5246.jpg 2448w, https:\/\/maxsi.de\/wp-content\/uploads\/2022\/01\/IMG_5246-300x144.jpg 300w, https:\/\/maxsi.de\/wp-content\/uploads\/2022\/01\/IMG_5246-1024x492.jpg 1024w, https:\/\/maxsi.de\/wp-content\/uploads\/2022\/01\/IMG_5246-768x369.jpg 768w, https:\/\/maxsi.de\/wp-content\/uploads\/2022\/01\/IMG_5246-1536x738.jpg 1536w, https:\/\/maxsi.de\/wp-content\/uploads\/2022\/01\/IMG_5246-2048x984.jpg 2048w\" sizes=\"(max-width: 2448px) 100vw, 2448px\" \/><\/div><\/div><div id=\"panel-1712-0-0-1\" class=\"so-panel widget widget_text panel-last-child\" data-index=\"1\" ><div class=\"justify-left panel-widget-style panel-widget-style-for-1712-0-0-1\" style=\"text-align: left;\" data-title-color=\"#000000\" >\t\t\t<div class=\"textwidget\"><style>.wp-show-posts-columns#wpsp-2364 {margin-left: -2em; }.wp-show-posts-columns#wpsp-2364 .wp-show-posts-inner {margin: 0 0 2em 2em; }<\/style><section id=\"wpsp-2364\" class=\" wp-show-posts-columns wp-show-posts\" style=\"\"><article class=\" wp-show-posts-single post-687 post type-post status-publish format-standard has-post-thumbnail hentry category-vw-golf-7 category-vw-golf-7-nachgeruestet wpsp-col-4\" itemtype=\"http:\/\/schema.org\/CreativeWork\" itemscope><div class=\"wp-show-posts-inner\" style=\"\">\t\t<div class=\"wp-show-posts-image  wpsp-image-center \">\n\t\t\t<a href=\"https:\/\/maxsi.de\/?p=687\"  title=\"R\u00fcckfahrkamera nachr\u00fcsten\">\t\t\t\t\t<img decoding=\"async\" src=\"https:\/\/maxsi.de\/wp-content\/uploads\/2022\/01\/1-Beitragsbild-7-250x250.jpg\" alt=\"R\u00fcckfahrkamera nachr\u00fcsten\" itemprop=\"image\" class=\"center\" \/>\n\t\t\t\t<\/a>\t\t<\/div>\n\t\t\t\t\t\t\t\t<header class=\"wp-show-posts-entry-header\">\n\t\t\t\t\t\t\t<h5 class=\"wp-show-posts-entry-title\" itemprop=\"headline\"><a href=\"https:\/\/maxsi.de\/?p=687\" rel=\"bookmark\">R\u00fcckfahrkamera nachr\u00fcsten<\/a><\/h5>\t\t\t\t\t\t<\/header><!-- .entry-header -->\n\t\t\t\t\t<\/div><!-- wp-show-posts-inner --><\/article><article class=\" wp-show-posts-single post-2356 post type-post status-publish format-standard has-post-thumbnail hentry category-vw-golf-7 category-vw-golf-7-nachgeruestet wpsp-col-4\" itemtype=\"http:\/\/schema.org\/CreativeWork\" itemscope><div class=\"wp-show-posts-inner\" style=\"\">\t\t<div class=\"wp-show-posts-image  wpsp-image-center \">\n\t\t\t<a href=\"https:\/\/maxsi.de\/?p=2356\"  title=\"Fu\u00dfraumbeleuchtung nachr\u00fcsten\">\t\t\t\t\t<img decoding=\"async\" src=\"https:\/\/maxsi.de\/wp-content\/uploads\/2022\/01\/1-Beitragsbild-2-250x250.jpeg\" alt=\"Fu\u00dfraumbeleuchtung nachr\u00fcsten\" itemprop=\"image\" class=\"center\" \/>\n\t\t\t\t<\/a>\t\t<\/div>\n\t\t\t\t\t\t\t\t<header class=\"wp-show-posts-entry-header\">\n\t\t\t\t\t\t\t<h5 class=\"wp-show-posts-entry-title\" itemprop=\"headline\"><a href=\"https:\/\/maxsi.de\/?p=2356\" rel=\"bookmark\">Fu\u00dfraumbeleuchtung nachr\u00fcsten<\/a><\/h5>\t\t\t\t\t\t<\/header><!-- .entry-header -->\n\t\t\t\t\t<\/div><!-- wp-show-posts-inner --><\/article><article class=\" wp-show-posts-single post-1638 post type-post status-publish format-standard has-post-thumbnail hentry category-nachruesten category-vw-golf-7 category-vw-golf-7-nachgeruestet wpsp-col-4\" itemtype=\"http:\/\/schema.org\/CreativeWork\" itemscope><div class=\"wp-show-posts-inner\" style=\"\">\t\t<div class=\"wp-show-posts-image  wpsp-image-center \">\n\t\t\t<a href=\"https:\/\/maxsi.de\/?p=1638\"  title=\"Licht\/Regen-Sensor nachr\u00fcsten\">\t\t\t\t\t<img decoding=\"async\" src=\"https:\/\/maxsi.de\/wp-content\/uploads\/2021\/10\/1-Beitragsbild-scaled-250x250.jpg\" alt=\"Licht\/Regen-Sensor nachr\u00fcsten\" itemprop=\"image\" class=\"center\" \/>\n\t\t\t\t<\/a>\t\t<\/div>\n\t\t\t\t\t\t\t\t<header class=\"wp-show-posts-entry-header\">\n\t\t\t\t\t\t\t<h5 class=\"wp-show-posts-entry-title\" itemprop=\"headline\"><a href=\"https:\/\/maxsi.de\/?p=1638\" rel=\"bookmark\">Licht\/Regen-Sensor nachr\u00fcsten<\/a><\/h5>\t\t\t\t\t\t<\/header><!-- .entry-header -->\n\t\t\t\t\t<\/div><!-- wp-show-posts-inner --><\/article><div class=\"wpsp-clear\"><\/div><\/section><!-- .wp-show-posts -->\n<\/div>\n\t\t<\/div><\/div><\/div><\/div><\/div><\/div>","protected":false},"excerpt":{"rendered":"<p>R\u00fcckfahrkamera nachr\u00fcsten Fu\u00dfraumbeleuchtung nachr\u00fcsten Licht\/Regen-Sensor nachr\u00fcsten<\/p>","protected":false},"author":2,"featured_media":0,"parent":0,"menu_order":0,"comment_status":"closed","ping_status":"closed","template":"","meta":{"footnotes":""},"_links":{"self":[{"href":"https:\/\/maxsi.de\/index.php?rest_route=\/wp\/v2\/pages\/1712"}],"collection":[{"href":"https:\/\/maxsi.de\/index.php?rest_route=\/wp\/v2\/pages"}],"about":[{"href":"https:\/\/maxsi.de\/index.php?rest_route=\/wp\/v2\/types\/page"}],"author":[{"embeddable":true,"href":"https:\/\/maxsi.de\/index.php?rest_route=\/wp\/v2\/users\/2"}],"replies":[{"embeddable":true,"href":"https:\/\/maxsi.de\/index.php?rest_route=%2Fwp%2Fv2%2Fcomments&post=1712"}],"version-history":[{"count":15,"href":"https:\/\/maxsi.de\/index.php?rest_route=\/wp\/v2\/pages\/1712\/revisions"}],"predecessor-version":[{"id":3199,"href":"https:\/\/maxsi.de\/index.php?rest_route=\/wp\/v2\/pages\/1712\/revisions\/3199"}],"wp:attachment":[{"href":"https:\/\/maxsi.de\/index.php?rest_route=%2Fwp%2Fv2%2Fmedia&parent=1712"}],"curies":[{"name":"wp","href":"https:\/\/api.w.org\/{rel}","templated":true}]}}